09, 197
What are the prime factors of 119136833?
17, 761, 9209
List the prime factors of 147862775.
5, 5914511
List the prime factors of 27013127.
67, 403181
What are the prime factors of 825181868?
2, 7, 43, 685367
What are the prime factors of 1578581642?
2, 11, 71753711
List the prime factors of 488159325.
3, 5, 31, 41, 569
List the prime factors of 147981019.
37, 3999487
What are the prime factors of 1901005415?
5, 409, 929587
List the prime factors of 48463131.
3, 59, 273803
List the prime factors of 60449649.
3, 13, 283, 5477
List the prime factors of 732912782.
2, 7, 3221, 16253
List the prime factors of 181306888.
2, 7, 73, 44351
What are the prime factors of 99408564?
2, 3, 107, 131, 197
List the prime factors of 1921343952.
2, 3, 11, 3638909
List the prime factors of 1309368515.
5, 7, 13, 73, 79, 499
What are the prime factors of 70036805?
5, 193, 72577
What are the prime factors of 71523432?
2, 3, 331127
What are the prime factors of 1877418?
2, 3, 3863
List the prime factors of 59982460.
2, 5, 17, 176419
What are the prime factors of 2783618550?
2, 3, 5, 313, 19763
What are the prime factors of 3144836937?
3, 11, 29, 3286141
What are the prime factors of 872181312?
2, 3, 4542611
What are the prime factors of 2433276540?
2, 3, 5, 13518203
What are the prime factors of 418761562?
2, 1511, 138571
What are the prime factors of 14130415?
5, 13, 149, 1459
List the prime factors of 145479297.
3, 48493099
List the prime factors of 741698767.
741698767
List the prime factors of 112810247.
11, 587, 17471
List the prime factors of 209999810.
2, 5, 17, 139, 8887
List the prime factors of 58107122.
2, 17, 1709033
What are the prime factors of 286766203?
286766203
List the prime factors of 186518069.
151, 593, 2083
List the prime factors of 161121008.
2, 61, 165083
List the prime factors of 2544346574.
2, 7, 11, 67, 83, 2971
List the prime factors of 23559503.
11, 181, 11833
What are the prime factors of 488519534?
2, 1601, 152567
List the prime factors of 3810776337.
3, 423419593
List the prime factors of 5305738011.
3, 7, 19, 13297589
List the prime factors of 3611848642.
2, 1805924321
List the prime factors of 49422395.
5, 11, 307, 2927
What are the prime factors of 61790776?
2, 281, 27487
List the prime factors of 1114640643.
3, 19, 337, 58027
What are the prime factors of 5424335?
5, 7, 154981
List the prime factors of 542573212.
2, 101, 1343003
What are the prime factors of 38957217?
3, 13, 17, 67, 877
What are the prime factors of 3810084?
2, 3, 383, 829
List the prime factors of 2690262229.
23, 1523, 76801
What are the prime factors of 67237743?
3, 22412581
What are the prime factors of 1694425957?
7, 242060851
List the prime factors of 3870675198.
2, 3, 13, 23, 719189
List the prime factors of 4371628.
2, 1092907
List the prime factors of 1818980630.
2, 5, 29, 6272347
What are the prime factors of 2013335811?
3, 74567993
List the prime factors of 604650009.
3, 31, 67, 97039
What are the prime factors of 6383119339?
6383119339
List the prime factors of 1864443801.
3, 11, 37, 109, 14009
List the prime factors of 221906316.
2, 3, 37, 43, 59, 197
What are the prime factors of 1561072651?
17, 91827803
What are the prime factors of 41912050?
2, 5, 821, 1021
What are the prime factors of 294326362?
2, 11, 1987, 6733
What are the prime factors of 1290874415?
5, 258174883
What are the prime factors of 1189085631?
3, 31, 12785867
List the prime factors of 20122638.
2, 3, 3353773
What are the prime factors of 1883777670?
2, 3, 5, 37, 479, 1181
List the prime factors of 559181854.
2, 7, 11, 101, 35951
List the prime factors of 175464590.
2, 5, 7, 433, 827
List the prime factors of 3788806105.
5, 7, 37, 41, 71359
List the prime factors of 96665773.
96665773
List the prime factors of 2523253189.
2523253189
List the prime factors of 153883846.
2, 23, 61, 173, 317
List the prime factors of 714206299.
13241, 53939
What are the prime factors of 50571438?
2, 3, 179, 47087
What are the prime factors of 425385666?
2, 3, 23632537
What are the prime factors of 4545589020?
2, 3, 5, 7, 47, 230273
List the prime factors of 1002924791.
11, 1409, 64709
What are the prime factors of 4272190879?
11, 31, 12528419
What are the prime factors of 41510957?
17, 103, 151, 157
List the prime factors of 186556283.
17, 211, 52009
What are the prime factors of 139073238?
2, 3, 71, 108821
List the prime factors of 6389192427.
3, 67, 31787027
What are the prime factors of 109471119?
3, 499, 73127
What are the prime factors of 27061364?
2, 11, 615031
What are the prime factors of 241108707?
3, 7, 73, 157279
What are the prime factors of 14546448?
2, 3, 7, 14431
List the prime factors of 47492929.
11, 53, 81463
List the prime factors of 473426.
2, 236713
List the prime factors of 7362920642.
2, 7, 11, 47, 857, 1187
What are the prime factors of 746259799?
20297, 36767
What are the prime factors of 45996587?
7, 13, 19, 37, 719
What are the prime factors of 1935891079?
1935891079
What are the prime factors of 963345003?
3, 1657, 193793
List the prime factors of 10059876.
2, 3, 61, 509
What are the prime factors of 1758652798?
2, 7, 125618057
List the prime factors of 2293410238.
2, 7, 19, 8621843
What are the prime factors of 3934726989?
3, 29, 919, 1697
List the prime factors of 6474794.
2, 3237397
List the prime factors of 5619292940.
2, 5, 19, 709, 20857
What are the prime factors of 23026549?
7, 13, 137, 1847
List the prime factors of 1493865457.
7, 83, 2571197
List the prime factors of 168032133.
3, 37, 179, 2819
List the prime factors of 410316592.
2, 7, 29, 18047
What are the prime factors of 2180488597?
7, 71, 4387301
List the prime factors of 524944352.
2, 2027, 8093
List the prime factors of 3762684.
2, 3, 19, 5501
What are the prime factors of 2206765883?
7, 163, 1934063
List the prime factors of 13291723.
23, 577901
What are the prime factors of 124356112?
2, 37, 79, 2659
List the prime factors of 1376987811.
3, 17, 47, 157, 3659
What are the prime factors of 692164?
2, 11, 15731
What are the prime factors of 2118348311?
839, 1367, 1847
What are the prime factors of 16403893?
11, 47, 31729
List the prime factors of 1567376990.
2, 5, 156737699
What are the prime factors of 1394589097?
11, 211, 600857
List the prime factors of 2478794464.
2, 163, 475229
List the prime factors of 2798176944.
2, 3, 58295353
List the prime factors of 63390202.
2, 31695101
List the prime factors of 156454313.
67, 2335139
What are the prime factors of 122996886?
2, 3, 20499481
List the prime factors of 29711515.
5, 23, 29, 59, 151
What are the prime factors of 2136094813?
6199, 344587
What are the prime factors of 930718921?
11, 31, 2729381
What are the prime factors of 122886621?
3, 11, 13, 95483
What are the prime factors of 115317201?
3, 38439067
What are the prime factors of 4397480?
2, 5, 109937
List the prime factors of 3022925897.
19, 4561, 34883
What are the prime factors of 66962723?
137, 488779
What are the prime factors of 41882515?
5, 8376503
What are the prime factors of 223326357?
3, 83, 199, 4507
List the prime factors of 385021190.
2, 5, 38502119
List the prime factors of 2076961930.
2, 5, 207696193
What are the prime factors of 182227453?
182227453
List the prime factors of 23341785.
3, 5, 19, 81901
List the prime factors of 2913700493.
11, 53, 4997771
List the prime factors of 19865025.
3, 5, 88289
What are the prime factors of 101576782?
2, 857, 59263
List the prime factors of 208019356.
2, 349, 149011
What are the prime factors of 2148370682?
2, 17, 71, 889963
List the prime factors of 16725184.
2, 7, 37, 1009
List the prime factors of 85100202.
2, 3, 11, 19, 22621
What are the prime factors of 48749200?
2, 5, 17, 67, 107
What are the prime factors of 113871892?
2, 28467973
What are the prime factors of 696012878?
2, 11, 17, 43, 113, 383
List the prime factors of 52378697.
7, 383, 2791
What are the prime factors of 19617062?
2, 9808531
List the prime factors of 2962834005.
3, 5, 239, 826453
What are the prime factors of 31178145?
3, 5, 19, 109397
What are the prime factors of 955336241?
29, 47, 700907
List the prime factors of 176815242.
2, 3, 127, 77347
What are the prime factors of 51103283?
7, 11, 31, 79, 271
What are the prime factors of 7784469019?
7784469019
What 